7
What are the prime factors of 14508394?
2, 641, 11317
What are the prime factors of 110084595?
3, 5, 239, 30707
List the prime factors of 101399074.
2, 7, 43, 389, 433
List the prime factors of 355971313.
17, 83, 252283
What are the prime factors of 110098849?
7, 229, 68683
What are the prime factors of 50065324?
2, 181, 69151
What are the prime factors of 9003451588?
2, 32443, 69379
What are the prime factors of 7084429110?
2, 3, 5, 11, 19, 376631
List the prime factors of 882359661.
3, 294119887
List the prime factors of 634993222.
2, 29, 10948159
What are the prime factors of 828549038?
2, 6547, 63277
List the prime factors of 700132093.
37, 18922489
What are the prime factors of 800427046?
2, 400213523
List the prime factors of 910538534.
2, 9029, 50423
What are the prime factors of 1335005?
5, 7, 5449
What are the prime factors of 166090289?
17, 9770017
What are the prime factors of 2327845733?
36061, 64553
What are the prime factors of 1618818874?
2, 499, 1622063
What are the prime factors of 1506551417?
7, 215221631
What are the prime factors of 2881215?
3, 5, 43, 1489
What are the prime factors of 150328044?
2, 3, 4175779
List the prime factors of 117332923.
19, 31, 199207
What are the prime factors of 1261331145?
3, 5, 28029581
List the prime factors of 179154274.
2, 13, 6890549
List the prime factors of 786972793.
113, 6964361
What are the prime factors of 6112869692?
2, 53, 28834291
List the prime factors of 280130140.
2, 5, 29, 311, 1553
List the prime factors of 111526338.
2, 3, 7, 11, 283, 853
List the prime factors of 488082594.
2, 3, 43, 61, 31013
List the prime factors of 38011523.
11, 3455593
List the prime factors of 65729881.
7, 67, 269, 521
List the prime factors of 566751986.
2, 3361, 84313
List the prime factors of 61526966.
2, 653, 47111
List the prime factors of 32224752.
2, 3, 7, 4567
List the prime factors of 39286172.
2, 47, 101, 2069
List the prime factors of 1994498300.
2, 5, 41, 83, 5861
List the prime factors of 71558440.
2, 5, 17, 47, 2239
List the prime factors of 291589077.
3, 13, 7476643
What are the prime factors of 1055484089?
11, 37, 431, 547
What are the prime factors of 1996182507?
3, 11, 43, 79, 17807
List the prime factors of 71724132.
2, 3, 1992337
List the prime factors of 5414104744.
2, 676763093
What are the prime factors of 24345945?
3, 5, 13, 41617
What are the prime factors of 196746130?
2, 5, 7, 193, 14563
What are the prime factors of 281395834?
2, 140697917
What are the prime factors of 1758970088?
2, 7687, 28603
List the prime factors of 564461730.
2, 3, 5, 7, 101, 2957
List the prime factors of 138677735.
5, 7, 73, 54277
List the prime factors of 1112993737.
1607, 692591
What are the prime factors of 42585375?
3, 5, 7, 16223
List the prime factors of 1659540901.
17, 73, 1337261
List the prime factors of 872169522.
2, 3, 7, 23, 128981
What are the prime factors of 19361594?
2, 7, 41, 89, 379
List the prime factors of 59567042.
2, 29783521
List the prime factors of 216391526.
2, 13, 8322751
What are the prime factors of 86757457?
86757457
List the prime factors of 150986715.
3, 5, 11, 915071
List the prime factors of 4169675.
5, 17, 9811
What are the prime factors of 286211652?
2, 3, 41, 581731
What are the prime factors of 59264975?
5, 7, 11, 17, 1811
What are the prime factors of 11631226?
2, 1279, 4547
What are the prime factors of 135208370?
2, 5, 11, 19, 64693
What are the prime factors of 204884933?
11, 113, 164831
List the prime factors of 61535856.
2, 3, 23, 139, 401
What are the prime factors of 172935129?
3, 101, 570743
What are the prime factors of 1572537258?
2, 3, 281, 310901
List the prime factors of 1273156960.
2, 5, 157, 50683
What are the prime factors of 590082813?
3, 7284973
What are the prime factors of 524583605?
5, 7, 13, 131, 677
What are the prime factors of 350077265?
5, 31, 547, 4129
What are the prime factors of 2549646720?
2, 3, 5, 137, 359
List the prime factors of 1102881667.
103, 10707589
What are the prime factors of 237928940?
2, 5, 17, 699791
What are the prime factors of 36541277?
1367, 26731
List the prime factors of 622577370.
2, 3, 5, 19, 1092241
List the prime factors of 73345558.
2, 11, 13, 317, 809
List the prime factors of 411866295.
3, 5, 1021, 26893
What are the prime factors of 4322206274?
2, 2161103137
What are the prime factors of 741757720?
2, 5, 11, 19, 83, 1069
What are the prime factors of 27073857?
3, 1021, 8839
List the prime factors of 92621325.
3, 5, 1234951
What are the prime factors of 10697830?
2, 5, 11, 13, 7481
What are the prime factors of 271079829?
3, 103, 292427
List the prime factors of 2686872594.
2, 3, 7, 47, 1361131
List the prime factors of 89946658.
2, 73, 616073
What are the prime factors of 503537451?
3, 167845817
What are the prime factors of 51208631?
41, 1248991
What are the prime factors of 13916272?
2, 31, 28057
What are the prime factors of 85991274?
2, 3, 1592431
What are the prime factors of 27254187?
3, 97, 31219
What are the prime factors of 586852046?
2, 11, 43, 620351
What are the prime factors of 978019036?
2, 71, 3443729
List the prime factors of 14533898.
2, 19, 97, 3943
What are the prime factors of 566903720?
2, 5, 41, 345673
List the prime factors of 1701537559.
911, 1867769
What are the prime factors of 3179235816?
2, 3, 44156053
What are the prime factors of 293605598?
2, 11, 13, 1026593
What are the prime factors of 140550520?
2, 5, 11, 319433
List the prime factors of 1239467872.
2, 38733371
What are the prime factors of 20501418?
2, 3, 7, 19, 23, 1117
List the prime factors of 7102167.
3, 2367389
What are the prime factors of 72750735?
3, 5, 17, 61, 1559
What are the prime factors of 28670855?
5, 5734171
List the prime factors of 97179531.
3, 17, 23, 82847
List the prime factors of 1037470945.
5, 7, 233, 127219
List the prime factors of 12339622.
2, 6169811
List the prime factors of 323805953.
17, 43, 442963
List the prime factors of 238407094.
2, 119203547
List the prime factors of 1053358902.
2, 3, 73, 829, 967
List the prime factors of 37308755.
5, 11, 678341
What are the prime factors of 2319538179?
3, 7, 110454199
What are the prime factors of 175209321?
3, 7, 8343301
What are the prime factors of 159575756?
2, 19, 61, 34421
What are the prime factors of 286013914?
2, 11719, 12203
List the prime factors of 364869473.
31, 89, 132247
What are the prime factors of 1038143370?
2, 3, 5, 11, 41, 277
What are the prime factors of 1384218536?
2, 947, 182711
What are the prime factors of 541102574?
2, 61, 131, 33857
What are the prime factors of 10015574?
2, 109, 45943
List the prime factors of 59937885.
3, 5, 7, 23, 8273
What are the prime factors of 610853928?
2, 3, 17, 317, 4723
List the prime factors of 19811434.
2, 9905717
List the prime factors of 287650875.
3, 5, 41, 53, 353
What are the prime factors of 2717822986?
2, 29, 1289, 36353
List the prime factors of 68094635.
5, 7, 1945561
List the prime factors of 50058089.
29, 41, 42101
List the prime factors of 685992320.
2, 5, 13, 41, 2011
What are the prime factors of 416348911?
11, 29, 1305169
What are the prime factors of 156336307?
277, 564391
What are the prime factors of 80385572?
2, 137, 383
List the prime factors of 199957729.
19, 10524091
What are the prime factors of 56503735?
5, 11300747
List the prime factors of 412578628.
2, 7, 11, 31, 6173
What are the prime factors of 40627831?
40627831
List the prime factors of 58500038.
2, 31, 43, 21943
List the prime factors of 161303093.
7, 61, 113, 3343
What are the prime factors of 26704672?
2, 863, 967
List the prime factors of 133711958.
2, 379, 176401
What are the prime factors of 149380060?
2, 5, 307, 24329
List the prime factors of 486771964.
2, 7, 17384713
List the prime factors of 3678317224.
2, 459789653
What are the prime factors of 1729966637?
7, 631, 391661
List the prime factors of 48919394.
2, 24459697
List the prime factors of 22012995.
3, 5, 1467533
List the prime factors of 6285290235.
3, 5, 7, 17, 1039, 3389
List the prime factors of 50886748.
2, 11, 31, 37307
List the prime factors of 977583736.
2, 29, 157, 26839
List the prime factors of 3033909313.
37, 313, 261973
What are the prime factors of 155026635?
3, 5, 10335109
What are the prime factors of 40276920?
2, 3, 5,